{"id":636,"date":"2015-08-11T16:36:20","date_gmt":"2015-08-11T14:36:20","guid":{"rendered":"http:\/\/pran.de\/wp_wein\/?page_id=636"},"modified":"2016-05-03T10:10:38","modified_gmt":"2016-05-03T08:10:38","slug":"uebersicht-ueber-alle-beitraege","status":"publish","type":"page","link":"http:\/\/weingut-pfannebecker.de\/?page_id=636","title":{"rendered":"\u00dcbersicht"},"content":{"rendered":"<p>Bitte w\u00e4hlen Sie einen der Unterpunkte des Men\u00fcs aus&#8230;<\/p>\n<ul style=\"list-style-type: disc;\">\n<li><span style=\"font-family: arial, helvetica, sans-serif; font-size: 16px;\"><a href=\".\/?page_id=736\">Thema: Unser Betrieb<\/a><\/span><\/li>\n<li><span style=\"font-family: arial, helvetica, sans-serif; font-size: 16px;\"><a href=\".\/?page_id=740\">Thema: Unsere Landschaft<\/a><\/span><\/li>\n<li><span style=\"font-family: arial, helvetica, sans-serif; font-size: 16px;\"><a href=\".\/?page_id=743\">Thema: \u00d6kologie<\/a><\/span><\/li>\n<\/ul>\n<p>&nbsp;<\/p>\n<p>&nbsp;<\/p>\n<p>&nbsp;<\/p>\n","protected":false},"excerpt":{"rendered":"<p>Bitte w\u00e4hlen Sie einen der Unterpunkte des Men\u00fcs aus&#8230; Thema: Unser Betrieb Thema: Unsere Landschaft Thema: \u00d6kologie &nbsp; &nbsp; &nbsp;<\/p>\n","protected":false},"author":1,"featured_media":0,"parent":0,"menu_order":0,"comment_status":"closed","ping_status":"closed","template":"","meta":{"footnotes":""},"class_list":["post-636","page","type-page","status-publish","hentry"],"_links":{"self":[{"href":"http:\/\/weingut-pfannebecker.de\/index.php?rest_route=\/wp\/v2\/pages\/636","targetHints":{"allow":["GET"]}}],"collection":[{"href":"http:\/\/weingut-pfannebecker.de\/index.php?rest_route=\/wp\/v2\/pages"}],"about":[{"href":"http:\/\/weingut-pfannebecker.de\/index.php?rest_route=\/wp\/v2\/types\/page"}],"author":[{"embeddable":true,"href":"http:\/\/weingut-pfannebecker.de\/index.php?rest_route=\/wp\/v2\/users\/1"}],"replies":[{"embeddable":true,"href":"http:\/\/weingut-pfannebecker.de\/index.php?rest_route=%2Fwp%2Fv2%2Fcomments&post=636"}],"version-history":[{"count":4,"href":"http:\/\/weingut-pfannebecker.de\/index.php?rest_route=\/wp\/v2\/pages\/636\/revisions"}],"predecessor-version":[{"id":859,"href":"http:\/\/weingut-pfannebecker.de\/index.php?rest_route=\/wp\/v2\/pages\/636\/revisions\/859"}],"wp:attachment":[{"href":"http:\/\/weingut-pfannebecker.de\/index.php?rest_route=%2Fwp%2Fv2%2Fmedia&parent=636"}],"curies":[{"name":"wp","href":"https:\/\/api.w.org\/{rel}","templated":true}]}}