{"id":282,"date":"2014-10-21T15:53:03","date_gmt":"2014-10-21T13:53:03","guid":{"rendered":"http:\/\/2ppp.de\/wp_wein\/?page_id=282"},"modified":"2024-11-22T09:25:22","modified_gmt":"2024-11-22T07:25:22","slug":"start","status":"publish","type":"page","link":"http:\/\/weingut-pfannebecker.de\/","title":{"rendered":"Die Zeiten \u00e4ndern sich &#8230;"},"content":{"rendered":"<div><em><span style=\"font-size: 20px;\">&#8230;und wir mit ihnen.<\/span><\/em><\/div>\n<div><\/div>\n<div>\n<p>Sehr geehrte Besucher unserer Seite,<br \/>\nLiebe Weinfreunde,<\/p>\n<p>2006 haben wir (sp\u00e4t?) den Weg zum Internet gefunden. Seit dieser Zeit hat sich vieles ver\u00e4ndert.<a href=\"http:\/\/pran.de\/wp_wein\/wp-content\/uploads\/2014\/08\/start_picture1.jpg\"><img loading=\"lazy\" decoding=\"async\" class=\"alignnone wp-image-273 size-medium\" style=\"float: right;\" src=\"http:\/\/weingut-pfannebecker.de\/wp-content\/uploads\/2014\/08\/start_picture1-248x300.jpg\" alt=\"start_picture1\" width=\"248\" height=\"300\" srcset=\"http:\/\/weingut-pfannebecker.de\/wp-content\/uploads\/2014\/08\/start_picture1-248x300.jpg 248w, http:\/\/weingut-pfannebecker.de\/wp-content\/uploads\/2014\/08\/start_picture1.jpg 291w\" sizes=\"auto, (max-width: 248px) 100vw, 248px\" \/><\/a>Wir sp\u00fcren das besonders in unserem famili\u00e4ren Bereich:2006 lebten noch unsere T\u00f6chter in unserem Haus; nunmehr haben sie ihren Weg in die Unabh\u00e4ngigkeit von den Eltern und die eigene Selbst\u00e4ndigkeit vollzogen. Dass es in unserem Haus mitunter sehr still ist, wird aber dadurch aufgefangen, dass sich umso mehr Personen treffen, wenn es in der Familie etwas zu feiern gibt.<br \/>\nVieles in unserer Arbeit ist unver\u00e4ndert geblieben: insbesondere unser Anspruch, Weine in guter Qualit\u00e4t zu produzieren, und einen pers\u00f6nlichen und herzlichen Umgang zu unseren Kunden zu pflegen, von denen manche sogar zu Freunden geworden sind. Ge\u00e4ndert aber hat sich die Nutzung des Internets; auch f\u00fcr uns ist es seit 2006 \u00fcblich geworden, Kontakte zu unseren Kunden nicht nur telefonisch oder per Fax, sondern auch \u00fcber eMail zu pflegen. <a href=\"http:\/\/pran.de\/wp_wein\/wp-content\/uploads\/2014\/08\/altepraesenz.jpg\"><img loading=\"lazy\" decoding=\"async\" class=\"alignnone wp-image-270 size-medium\" style=\"float: left;\" src=\"http:\/\/weingut-pfannebecker.de\/wp-content\/uploads\/2014\/08\/altepraesenz-285x300.jpg\" alt=\"altepraesenz\" width=\"285\" height=\"300\" srcset=\"http:\/\/weingut-pfannebecker.de\/wp-content\/uploads\/2014\/08\/altepraesenz-285x300.jpg 285w, http:\/\/weingut-pfannebecker.de\/wp-content\/uploads\/2014\/08\/altepraesenz.jpg 651w\" sizes=\"auto, (max-width: 285px) 100vw, 285px\" \/><\/a><\/p>\n<p>Unsere Internetpr\u00e4senz ist seit 2006 unver\u00e4ndert geblieben. Damit ist sie aber auch nicht mehr zeitgem\u00e4\u00df.<\/p>\n<p>Das neue Konzept basiert auf einem Redaktionssystem.<\/p>\n<p><span style=\"font-size: revert;\">Wir\u00a0 verwenden ein Layout, welches die Lesbarkeit unserer Seite gleicherma\u00dfen auf dem PC, dem Laptop, Tablet und sogar auf dem Smartphone erlaubt.<\/span><\/p>\n<\/div>\n<p>Herzlichst<\/p>\n<p><em>Ihre Familie Hans-Werner und Astrid Pfannebecker<\/em><\/p>\n","protected":false},"excerpt":{"rendered":"<p>&#8230;und wir mit ihnen. Sehr geehrte Besucher unserer Seite, Liebe Weinfreunde, 2006 haben wir (sp\u00e4t?) den Weg zum Internet gefunden. Seit dieser Zeit hat sich vieles ver\u00e4ndert.Wir sp\u00fcren das besonders in unserem famili\u00e4ren Bereich:2006 lebten noch unsere T\u00f6chter in unserem Haus; nunmehr haben sie ihren Weg in die Unabh\u00e4ngigkeit von den Eltern und die eigene &hellip; <a href=\"http:\/\/weingut-pfannebecker.de\/\" class=\"more-link\"><span class=\"screen-reader-text\">Die Zeiten \u00e4ndern sich &#8230;<\/span> weiterlesen <span class=\"meta-nav\">&rarr;<\/span><\/a><\/p>\n","protected":false},"author":1,"featured_media":0,"parent":0,"menu_order":0,"comment_status":"closed","ping_status":"closed","template":"","meta":{"footnotes":""},"class_list":["post-282","page","type-page","status-publish","hentry"],"_links":{"self":[{"href":"http:\/\/weingut-pfannebecker.de\/index.php?rest_route=\/wp\/v2\/pages\/282","targetHints":{"allow":["GET"]}}],"collection":[{"href":"http:\/\/weingut-pfannebecker.de\/index.php?rest_route=\/wp\/v2\/pages"}],"about":[{"href":"http:\/\/weingut-pfannebecker.de\/index.php?rest_route=\/wp\/v2\/types\/page"}],"author":[{"embeddable":true,"href":"http:\/\/weingut-pfannebecker.de\/index.php?rest_route=\/wp\/v2\/users\/1"}],"replies":[{"embeddable":true,"href":"http:\/\/weingut-pfannebecker.de\/index.php?rest_route=%2Fwp%2Fv2%2Fcomments&post=282"}],"version-history":[{"count":22,"href":"http:\/\/weingut-pfannebecker.de\/index.php?rest_route=\/wp\/v2\/pages\/282\/revisions"}],"predecessor-version":[{"id":31563,"href":"http:\/\/weingut-pfannebecker.de\/index.php?rest_route=\/wp\/v2\/pages\/282\/revisions\/31563"}],"wp:attachment":[{"href":"http:\/\/weingut-pfannebecker.de\/index.php?rest_route=%2Fwp%2Fv2%2Fmedia&parent=282"}],"curies":[{"name":"wp","href":"https:\/\/api.w.org\/{rel}","templated":true}]}}

Die Zeiten ändern sich &#8230;

<div><em><span style="font-size: 20px;">&#8230;und wir mit ihnen.</span></em></div>
<div></div>
<div>
<p>Sehr geehrte Besucher unserer Seite,<br />
Liebe Weinfreunde,</p>
<p>2006 haben wir (spät?) den Weg zum Internet gefunden. Seit dieser Zeit hat sich vieles verändert.<a href="http://pran.de/wp_wein/wp-content/uploads/2014/08/start_picture1.jpg"><img loading="lazy" decoding="async" class="alignnone wp-image-273 size-medium" style="float: right;" src="http://weingut-pfannebecker.de/wp-content/uploads/2014/08/start_picture1-248x300.jpg" alt="start_picture1" width="248" height="300" srcset="http://weingut-pfannebecker.de/wp-content/uploads/2014/08/start_picture1-248x300.jpg 248w, http://weingut-pfannebecker.de/wp-content/uploads/2014/08/start_picture1.jpg 291w" sizes="auto, (max-width: 248px) 100vw, 248px" /></a>Wir spüren das besonders in unserem familiären Bereich:2006 lebten noch unsere Töchter in unserem Haus; nunmehr haben sie ihren Weg in die Unabhängigkeit von den Eltern und die eigene Selbständigkeit vollzogen. Dass es in unserem Haus mitunter sehr still ist, wird aber dadurch aufgefangen, dass sich umso mehr Personen treffen, wenn es in der Familie etwas zu feiern gibt.<br />
Vieles in unserer Arbeit ist unverändert geblieben: insbesondere unser Anspruch, Weine in guter Qualität zu produzieren, und einen persönlichen und herzlichen Umgang zu unseren Kunden zu pflegen, von denen manche sogar zu Freunden geworden sind. Geändert aber hat sich die Nutzung des Internets; auch für uns ist es seit 2006 üblich geworden, Kontakte zu unseren Kunden nicht nur telefonisch oder per Fax, sondern auch über eMail zu pflegen. <a href="http://pran.de/wp_wein/wp-content/uploads/2014/08/altepraesenz.jpg"><img loading="lazy" decoding="async" class="alignnone wp-image-270 size-medium" style="float: left;" src="http://weingut-pfannebecker.de/wp-content/uploads/2014/08/altepraesenz-285x300.jpg" alt="altepraesenz" width="285" height="300" srcset="http://weingut-pfannebecker.de/wp-content/uploads/2014/08/altepraesenz-285x300.jpg 285w, http://weingut-pfannebecker.de/wp-content/uploads/2014/08/altepraesenz.jpg 651w" sizes="auto, (max-width: 285px) 100vw, 285px" /></a></p>
<p>Unsere Internetpräsenz ist seit 2006 unverändert geblieben. Damit ist sie aber auch nicht mehr zeitgemäß.</p>
<p>Das neue Konzept basiert auf einem Redaktionssystem.</p>
<p><span style="font-size: revert;">Wir  verwenden ein Layout, welches die Lesbarkeit unserer Seite gleichermaßen auf dem PC, dem Laptop, Tablet und sogar auf dem Smartphone erlaubt.</span></p>
</div>
<p>Herzlichst</p>
<p><em>Ihre Familie Hans-Werner und Astrid Pfannebecker</em></p>

<p>&#8230;und wir mit ihnen. Sehr geehrte Besucher unserer Seite, Liebe Weinfreunde, 2006 haben wir (spät?) den Weg zum Internet gefunden. Seit dieser Zeit hat sich vieles verändert.Wir spüren das besonders in unserem familiären Bereich:2006 lebten noch unsere Töchter in unserem Haus; nunmehr haben sie ihren Weg in die Unabhängigkeit von den Eltern und die eigene &hellip; <a href="http://weingut-pfannebecker.de/" class="more-link"><span class="screen-reader-text">Die Zeiten ändern sich &#8230;</span> weiterlesen <span class="meta-nav">&rarr;</span></a></p>
